{"id":93,"date":"2022-06-03T11:11:31","date_gmt":"2022-06-03T09:11:31","guid":{"rendered":"https:\/\/sonerbox.fr\/wpempreintes\/?page_id=93"},"modified":"2025-01-20T11:52:26","modified_gmt":"2025-01-20T10:52:26","slug":"accueil","status":"publish","type":"page","link":"https:\/\/sonerbox.fr\/wpempreintes\/","title":{"rendered":"Accueil"},"content":{"rendered":"\n<figure class=\"wp-block-image size-full\"><img loading=\"lazy\" decoding=\"async\" width=\"200\" height=\"200\" src=\"https:\/\/sonerbox.fr\/wpempreintes\/wp-content\/uploads\/2024\/03\/LOGO-R-Copie.png\" alt=\"\" class=\"wp-image-1580\" srcset=\"https:\/\/sonerbox.fr\/wpempreintes\/wp-content\/uploads\/2024\/03\/LOGO-R-Copie.png 200w, https:\/\/sonerbox.fr\/wpempreintes\/wp-content\/uploads\/2024\/03\/LOGO-R-Copie-150x150.png 150w, https:\/\/sonerbox.fr\/wpempreintes\/wp-content\/uploads\/2024\/03\/LOGO-R-Copie-60x60.png 60w\" sizes=\"auto, (max-width: 200px) 100vw, 200px\" \/><\/figure>\n\n\n\n<p>Massages bien-\u00eatre \u00e0 Capdenac-Gare.<\/p>\n\n\n\n<p><a href=\"https:\/\/sonerbox.fr\/wpempreintes\/praticienne\/\" target=\"_blank\" rel=\"noreferrer noopener\">Flore Proust<\/a>, <a href=\"https:\/\/www.ecole-formationmassage.com\/\" target=\"_blank\" rel=\"noreferrer noopener\">praticienne<\/a> en massages de bien-\u00eatre, \u00e0 domicile et en local \u00e0 Capdenac-Gare.<\/p>\n\n\n\n<figure class=\"wp-block-image size-medium\"><img loading=\"lazy\" decoding=\"async\" width=\"300\" height=\"93\" src=\"https:\/\/sonerbox.fr\/wpempreintes\/wp-content\/uploads\/2022\/06\/ocre-aquarelle-300x93.jpg\" alt=\"Massages Figeac et Capdenac-Gare\n\" class=\"wp-image-621\" srcset=\"https:\/\/sonerbox.fr\/wpempreintes\/wp-content\/uploads\/2022\/06\/ocre-aquarelle-300x93.jpg 300w, https:\/\/sonerbox.fr\/wpempreintes\/wp-content\/uploads\/2022\/06\/ocre-aquarelle-1024x318.jpg 1024w, https:\/\/sonerbox.fr\/wpempreintes\/wp-content\/uploads\/2022\/06\/ocre-aquarelle-768x239.jpg 768w, https:\/\/sonerbox.fr\/wpempreintes\/wp-content\/uploads\/2022\/06\/ocre-aquarelle-193x60.jpg 193w, https:\/\/sonerbox.fr\/wpempreintes\/wp-content\/uploads\/2022\/06\/ocre-aquarelle.jpg 1280w\" sizes=\"auto, (max-width: 300px) 100vw, 300px\" \/><\/figure>\n\n\n\n<p>Les massages laissent des empreintes : les traces de l&rsquo;huile sur la peau ; les traces dans la mati\u00e8re du corps, la respiration, l&rsquo;esprit, l&rsquo;estime de soi gr\u00e2ce au toucher.<\/p>\n","protected":false},"excerpt":{"rendered":"<p>Massages bien-\u00eatre \u00e0 Capdenac-Gare. Flore Proust, praticienne en massages de bien-\u00eatre, \u00e0 domicile et en local \u00e0 Capdenac-Gare. Les massages laissent des empreintes : les traces de l&rsquo;huile sur la &hellip; <\/p>\n","protected":false},"author":1,"featured_media":556,"parent":0,"menu_order":0,"comment_status":"closed","ping_status":"closed","template":"","meta":{"footnotes":""},"class_list":["post-93","page","type-page","status-publish","has-post-thumbnail","hentry"],"aioseo_notices":[],"_links":{"self":[{"href":"https:\/\/sonerbox.fr\/wpempreintes\/wp-json\/wp\/v2\/pages\/93","targetHints":{"allow":["GET"]}}],"collection":[{"href":"https:\/\/sonerbox.fr\/wpempreintes\/wp-json\/wp\/v2\/pages"}],"about":[{"href":"https:\/\/sonerbox.fr\/wpempreintes\/wp-json\/wp\/v2\/types\/page"}],"author":[{"embeddable":true,"href":"https:\/\/sonerbox.fr\/wpempreintes\/wp-json\/wp\/v2\/users\/1"}],"replies":[{"embeddable":true,"href":"https:\/\/sonerbox.fr\/wpempreintes\/wp-json\/wp\/v2\/comments?post=93"}],"version-history":[{"count":17,"href":"https:\/\/sonerbox.fr\/wpempreintes\/wp-json\/wp\/v2\/pages\/93\/revisions"}],"predecessor-version":[{"id":1602,"href":"https:\/\/sonerbox.fr\/wpempreintes\/wp-json\/wp\/v2\/pages\/93\/revisions\/1602"}],"wp:featuredmedia":[{"embeddable":true,"href":"https:\/\/sonerbox.fr\/wpempreintes\/wp-json\/wp\/v2\/media\/556"}],"wp:attachment":[{"href":"https:\/\/sonerbox.fr\/wpempreintes\/wp-json\/wp\/v2\/media?parent=93"}],"curies":[{"name":"wp","href":"https:\/\/api.w.org\/{rel}","templated":true}]}}